. Determine n(p).
-13
Let r(h) be the third derivative of -h**5/30 + 5*h**4/24 - h**3/3 - 349*h**2. Let i be (12 + (-11 - -5))/(-1 - -3). What is r(i)?
-5
Let p(j) be the first derivative of -j**5/20 - j**4/12 + 6*j - 59. Let g(q) be the first derivative of p(q). Determine g(1).
-2
Suppose 14*j - 19*j - 15 = 0. Let i be (3/j)/((-2)/8*2). Suppose -6*a = i*a - 24. Let w(h) = -h**3 + 4*h**2 - 2*h - 2. What is w(a)?
1
Let n(y) = -8 + 3*y + 8 + 1 - 2*y. Suppose -5*r = -0*r - 45. Calculate n(r).
10
Let s(i) = -8 + 49497*i + 2 - 49498*i - 11. What is s(-6)?
-11
Let t(o) be the second derivative of -o**5/20 + 7*o**4/12 - 4*o**3/3 + 5*o**2 + 1181*o. What is t(6)?
-2
Let s = -286 - -286. Suppose 2*y - 13 = -3*y - v, -3*v = 4*y - 6. Let x(p) = -2*p**2 - p + 3*p**2 + 2*p**3 + 2*p**3 - 10 - y*p**3. Give x(s).
-10
Let q(c) be the second derivative of c**4/12 - c**3/2 - c**2/2 - 1882*c. What is q(-5)?
39
Let t(n) = 10*n**3 - 30*n**2 + 73*n + 12. Let q(a) = 12*a**3 - 30*a**2 + 85*a + 11. Let s(g) = 6*q(g) - 7*t(g). Give s(-15).
-3
Let u(j) = j + 3*j + 4*j - 9*j + 9. Suppose 3*l + 10 = 4*a, 4*a - 2*a - 4*l = 0. Suppose -5*z + 3*m = a*m + 4, -3*z + 8 = -2*m. What is u(z)?
9
Let v(h) = -h**2 - 5*h + 24. Let m = 10463 + -10475. Determine v(m).
-60
Let m(l) = 2*l - 13. Let d = -2631 - -2646. Give m(d).
17
Let m(f) = -3*f + 0*f + 4*f. Let d(b) = 2*b**3 - 19*b**2 + 10*b - 27. Let n be d(6). Let q = n - -224. Give m(q).
5
Let z = 7 - 10. Let d(j) be the first derivative of -1/2*j**2 - 103 + 1/3*j**3 - 2*j. What is d(z)?
10
Let c(l) = l + 1. Suppose 0*n = n - 13. Let h = -452 + 454. Suppose h*o - m - n = -o, -4*o = 5*m - 11. Determine c(o).
5
Let f(a) be the third derivative of -1/24*a**4 - 3*a**2 + 4*a - 13/6*a**3 + 0. What is f(0)?
-13
Let i(d) = 50*d + 64*d + d**2 + 62 - 129*d. What is i(9)?
8
Let f be ((-54)/30)/(6/40) + (-15 - -20). Let u(b) = b**2 + 55*b + 331. Determine u(f).
-5
Let x be 282/564*8/5*(-11 + 1). Let m(o) be the second derivative of 11*o**3/6 - 5*o**2/2 - o. Let w(g) = -5*g + 2. Let c(t) = 4*m(t) + 9*w(t). What is c(x)?
6
Let a be (8/(-14))/(-5 + 264/56). Let k(g) = 17*g**a + 2*g - 41*g**2 + 3 + 10*g**2 + 15*g**2. Determine k(-6).
27
Let c(y) = -2*y**2 + 7*y + 12. Suppose 54*b + 147 = -123. Let m(z) = 2*z + 1. Let t(o) = b*m(o) + c(o). Determine t(3).
-20
Let s(w) = -w**2 - 5*w - 3. Let p(o) = -3 - 1 - 4*o - 456*o**3 - 4*o - 2*o**2 + 455*o**3. Let r be p(0). Give s(r).
1
Let b(s) = -4*s - 6. Suppose 0 = -3*x - 6, -3*r + 4*x = -2*r + 28. Let o be (-6)/33 + r/44 + 1. Suppose 3*f + o = 15. What is b(f)?
-26
Let q(j) = -13*j + 1. Suppose 0*l = -3*l + 5*k + 68, 3*l + 5*k - 58 = 0. Let x = l - 51. Let p = x + 31. Determine q(p).
-12
Let y(a) = -9 - 528*a + 2*a**2 + 1060*a - 542*a. What is y(6)?
3
Let a(n) be the second derivative of -n**5/20 - 5*n**4/12 - n**3 - 5*n**2/2 - 3*n - 424. Give a(-6).
67
Let h be 69/6 - (-2)/(-4). Let k(l) = -l + 2. Let g(z) = -3 + 6 + 6 - 5*z. Let s(m) = h*k(m) - 2*g(m). Calculate s(2).
2
Let g(k) = 4*k - 1. Let a(w) be the first derivative of -2*w + 111. Let f(t) = 6*a(t) + g(t). Determine f(3).
-1
Suppose 5*o = 4*x + 3, -8*x - 5*o = -6*x - 21. Let j(f) = -4*f**3 + 3*f**3 - x*f + 17 - 7 - 12 + 2*f. Give j(-2).
8
Let p(j) = 2*j**3 + 3*j**2 + 2*j - 1. Let g = -282 + 1. Let f = g - -278. Give p(f).
-34
Let g(m) = -23*m + 595. Let o be g(26). Let t(a) be the first derivative of a**2/2 + 10*a + 16. Give t(o).
7
Let x = 60 - 55. Suppose 3*y + 2 = 3*c + 5, 0 = x*y + 3*c + 3. Let m(b) = y + 4 - b**2 - 5 - b**3 - 2*b + 0*b**2. Determine m(-3).
23
Let q = 8 + -7. Let b(l) = l**2. Let x(f) = 4*f**2. Let m(t) = -2*b(t) - x(t). What is m(q)?
-6
Let k be -3 + (-11)/((-44)/36). Let f(g) = 2*g - 2. Let l(d) = 10*d - 10. Let v(o) = k*l(o) - 28*f(o). Calculate v(2).
4
Let y(s) = -4*s - 7. Let m(a) = a - 6. Let x = -490 - -487. Let k be m(x). Calculate y(k).
29
Let o(x) = 2*x + 22. Suppose 2*t - 2283*w = -2281*w - 4, 0 = 4*t + w + 38. What is o(t)?
6
Let x = 10171 - 10175. Let w(l) = l**3 + 4*l**2 - 8*l - 9. Calculate w(x).
23
Let u(c) = -c**3 + 16*c**2 + 19*c - 23. Let a = -230 + 289. Let v = a + -42. Give u(v).
11
Let f(y) = 3*y**3 - y**2 - y + 5. Suppose 5*w - 2*a + 11 = -1, -4*w - 12 = -4*a. Let g(x) = 7*x**3 - x**2 + 11. Let h(s) = w*g(s) + 5*f(s). Calculate h(3).
-12
Suppose -4*d = -3*d - 7. Let j = -3 - d. Let h(s) = -12*s**2 + 2*s - 9. Let n(k) = -k**3 + 2*k**2 - 3*k + 1. Let b(f) = -h(f) - n(f). Determine b(j).
-2
Let f be 4/(-22) - 178/(-11). Suppose f = 6*r - 26. Let y(a) = a**2 - 5*a - 12. What is y(r)?
2
Let r(m) = -m**2 + 7*m - 4. Suppose 3*l = 4*y + 4*l - 45, 3*y = -l + 35. Suppose y*h - 283 = -213. Calculate r(h).
-4
Suppose 0 + 4 = 2*z. Let p(d) = -66712*d**2 + 0 + 1 - 2 + 66711*d**2. Calculate p(z).
-5
Let g(n) = -60 - n**3 + 8*n + 32 + 27 + 10*n**2. Let o(a) = a**3 - 8*a**2 - 8*a + 2. Let m(q) = -2*g(q) - 3*o(q). Let x be 21/4 - (-2)/(-8). Determine m(x).
11
Let v(x) = -5*x - 5. Let l(u) = 15*u + 17. Let t(g) = l(g) + 4*v(g). Calculate t(-4).
17
Let x(n) be the first derivative of n**4 + 4*n**3/3 - 2*n**2 - 6*n + 2124. Calculate x(-2).
-14
Let i be (0/(-63))/((-2)/(-3)*3) + 3. Let f(x) be the second derivative of -x**3/2 - x. Calculate f(i).
-9
Let w = -5 + 7. Let c(r) be the first derivative of -r**4/2 + r**3 - r**2 + r + 13007. Give c(w).
-7
Suppose -4*v - 14 = -3*r - 0*v, -r = 2*v + 2. Let w be 4 + (-4)/((-8)/r) - 0. Suppose -4*y - s - 3 = 0, w*y + 4*s = -0*s - 12. Let n(m) = -m**2 + 8. Give n(y).
8
Let z(j) = 7*j**2 - 149*j - 113. Let h be z(22). Let t(q) = -q**3 - q**2 + 5*q - 1. Calculate t(h).
2
Suppose m + 22 = -2*r, -215*r = -212*r - 4*m + 22. Let j(w) = -w**3 - 10*w**2 - w - 8. What is j(r)?
2
Let v(m) = -8*m**2 - 5*m - 16. Suppose 0 = -8*a + 8 - 48. Let l(n) = 3*n**2 + 3*n + 8. Let j(r) = a*l(r) - 2*v(r). Let o = -11 - -18. Give j(o).
6
Let m(b) = b**3 + b**2 + 2*b. Let c(n) = n**3 + 2*n**2 + 3*n. Let t = -137 + 139. Suppose t*o - 90 = -100. Let q(h) = o*m(h) + 6*c(h). What is q(-6)?
-12
Let p(d) = -2*d + 2. Let w(a) = 3*a - 5. Let l(r) = -7*p(r) - 4*w(r). Let k = -230 - -62. Let z = -174 - k. Calculate l(z).
-6
Let j(d) = 13*d - 83 + 230 - 35 - 70. What is j(-9)?
-75
Let i(d) be the second derivative of d**5/20 - 7*d**4/12 + 2*d**3/3 + 4*d**2 + 6*d + 1065. Suppose -8 = 2*w, 0*s + 3*s + 2 = -5*w. Determine i(s).
-4
Let g be ((-1)/(-2))/((-5)/30) + 19. Suppose 0 = 4*k + 3*s - g, -5*s + 4 = -4*k - 3*s. Let n(b) be the second derivative of -7*b**4/12 + 3*b. What is n(k)?
-7
Let r be (56/4)/(-6*1/3). Let b(d) = -2 + d + 6 + 2 - 1. What is b(r)?
-2
Let p be (-11 + 5 + 0)*8/(-16). Let h(f) be the second derivative of 1/12*f**4 + 5/2*f**2 + 1/6*f**p + 0 + 4*f. Calculate h(0).
5
Let l(m) be the second derivative of m**4/3 + m**3/3 + 5*m**2/2 - 2504*m + 2. Determine l(0).
5
Let m be (3/3)/(5 - 44/9). Let i be (3 + -2)/((-3)/m). Let c(p) = -5*p**2 - 3*p - 2. Let b(k) = 6*k**2 + 4*k + 3. Let a(n) = -6*b(n) - 7*c(n). Calculate a(i).
-4
Let a(m) = -77*m - 387. Let i(p) = -15*p - 77. Let j(z) = -2*a(z) + 11*i(z). Determine j(-7).
4
Suppose 164*s + 4*l = 167*s - 55, s = 3*l + 15. Let o(a) = -16*a + 335. Determine o(s).
-1
Let s = -14583 + 14571. Let y(q) = 10*q - 3. Determine y(s).
-123
Let i(r) be the third derivative of r**4/12 + 3*r**3/2 - 11169*r**2. Let a(w) = w**2 - 8*w - 10. Let t be a(7). Let f = t - -10. Give i(f).
-5
Let z be (-12)/18*9/(-2). Suppose z = -3*h - 3*q, -4*q = -2*h - 5*q + 1. Suppose 3*u = -h*p + 5, -u - 1 = u - 3*p. Let k(v) = 6*v**2 - v + 1. Determine k(u).
6
Let b(l) = l - 3. Let s = -244 - -156. Let m = s - -98. Determine b(m).
7
Let i = -3224 + 3225. Let m(p) = 41*p**3. What is m(i)?
41
Let i(b) = -6*b + 1. Suppose 4*q - a - 42 = 0, a = 4*a - 6. Suppose -4*z - 15 = c, -6*c - 4*z - q = -c. Give i(c).
-5
Let v(p) be the third derivative of p**5/60 + 3*p**4/8 - 5*p**3/6 - 717*p**2 - 9*p. Give v(0).
-5
Let h(p) = p**2 - p. Let s be h(0). Suppose -5*o + s*o = -10. Let a(x) be the second derivative of -x**3/6 + 3*x. Calculate a(o).
-2
Let z(w) = 3*w + 33. Let g = -660 + 677. Determine z(g).
84
Let z be ((-48)/(-12))/(((-3)/(-4))/3). Let s(a) = a**2 + a - 259. Let j be s(z). Let n(b) = -b**2 + 13*b + 10. Determine n(j).
10
Suppose 0 = -5*t + 6*f + 55, -28*t + 26*t = -3*f - 25. Let s(m) = -m**3 + 3*m**2